48636?
4
What is the hundreds digit of 182896?
8
What is the ten millions digit of 17320683?
1
What is the hundreds digit of 231463?
4
What is the units digit of 873063?
3
What is the hundreds digit of 152005?
0
What is the ten thousands digit of 5066314?
6
What is the units digit of 196957?
7
What is the thousands digit of 1926208?
6
What is the thousands digit of 1841764?
1
What is the thousands digit of 3526239?
6
What is the thousands digit of 534815?
4
What is the hundred thousands digit of 739807?
7
What is the units digit of 225906?
6
What is the hundred thousands digit of 6140686?
1
What is the tens digit of 88970?
7
What is the hundreds digit of 225960?
9
What is the hundreds digit of 49746?
7
What is the tens digit of 8145788?
8
What is the hundred thousands digit of 138407?
1
What is the tens digit of 4522586?
8
What is the hundred thousands digit of 273614?
2
What is the hundreds digit of 1259374?
3
What is the hundreds digit of 4190460?
4
What is the tens digit of 1842193?
9
What is the thousands digit of 349337?
9
What is the ten thousands digit of 349086?
4
What is the ten thousands digit of 603023?
0
What is the thousands digit of 4151619?
1
What is the tens digit of 2512776?
7
What is the hundred thousands digit of 170718?
1
What is the hundreds digit of 11903117?
1
What is the hundred thousands digit of 156404?
1
What is the tens digit of 618028?
2
What is the tens digit of 7560997?
9
What is the units digit of 254133?
3
What is the units digit of 7883300?
0
What is the units digit of 80316?
6
What is the hundreds digit of 600209?
2
What is the tens digit of 5094?
9
What is the millions digit of 5486954?
5
What is the units digit of 29829?
9
What is the units digit of 510626?
6
What is the millions digit of 3259191?
3
What is the units digit of 111366?
6
What is the tens digit of 1923381?
8
What is the thousands digit of 1076216?
6
What is the thousands digit of 26391177?
1
What is the tens digit of 996677?
7
What is the hundred thousands digit of 2496087?
4
What is the hundreds digit of 5431575?
5
What is the units digit of 65049?
9
What is the tens digit of 1227768?
6
What is the tens digit of 981776?
7
What is the millions digit of 22805315?
2
What is the tens digit of 8125034?
3
What is the hundreds digit of 2314384?
3
What is the thousands digit of 32787?
2
What is the units digit of 5828908?
8
What is the millions digit of 6588364?
6
What is the thousands digit of 359400?
9
What is the thousands digit of 18516955?
6
What is the ten millions digit of 16714615?
1
What is the ten thousands digit of 259431?
5
What is the millions digit of 12258021?
2
What is the thousands digit of 3383643?
3
What is the thousands digit of 5768085?
8
What is the tens digit of 424732?
3
What is the thousands digit of 2316039?
6
What is the hundred thousands digit of 765509?
7
What is the tens digit of 667662?
6
What is the hundred thousands digit of 993611?
9
What is the units digit of 3458948?
8
What is the units digit of 44412?
2
What is the hundred thousands digit of 611023?
6
What is the tens digit of 458451?
5
What is the tens digit of 982229?
2
What is the thousands digit of 27740216?
0
What is the hundreds digit of 478482?
4
What is the tens digit of 866472?
7
What is the units digit of 6964312?
2
What is the hundreds digit of 848369?
3
What is the units digit of 1168261?
1
What is the ten thousands digit of 456969?
5
What is the hundreds digit of 1960357?
3
What is the tens digit of 3661789?
8
What is the thousands digit of 95576?
5
What is the thousands digit of 2062567?
2
What is the thousands digit of 229433?
9
What is the ten thousands digit of 11454122?
5
What is the ten thousands digit of 109527?
0
What is the ten thousands digit of 104654?
0
What is the hundred thousands digit of 224264?
2
What is the units digit of 272914?
4
What is the hundred thousands digit of 5978949?
9
What is the tens digit of 506551?
5
What is the thousands digit of 108073?
8
What is the thousands digit of 579016?
9
What is the ten thousands digit of 65496?
6
What is the thousands digit of 14604680?
4
What is the thousands digit of 16913273?
3
What is the tens digit of 146225?
2
What is the millions digit of 2552890?
2
What is the hundreds digit of 34220916?
9
What is the tens digit of 2137596?
9
What is the hundreds digit of 20167645?
6
What is the ten thousands digit of 1622228?
2
What is the hundreds digit of 3148971?
9
What is the hundreds digit of 456708?
7
What is the tens digit of 1892788?
8
What is the hundreds digit of 3253279?
2
What is the units digit of 580477?
7
What is the ten thousands digit of 1429108?
2
What is the hundred thousands digit of 5074752?
0
What is the hundreds digit of 28318?
3
What is the hundreds digit of 3337143?
1
What is the hundred thousands digit of 3406458?
4
What is the tens digit of 1022481?
8
What is the tens digit of 13035943?
4
What is the units digit of 120616?
6
What is the ten thousands digit of 218777?
1
What is the hundreds digit of 478524?
5
What is the units digit of 1986939?
9
What is the units digit of 29267266?
6
What is the millions digit of 8207385?
8
What is the thousands digit of 947278?
7
What is the units digit of 1128501?
1
What is the hundreds digit of 13509193?
1
What is the thousands digit of 245614?
5
What is the tens digit of 5107028?
2
What is the units digit of 4372846?
6
What is the units digit of 844254?
4
What is the hundreds digit of 1967678?
6
What is the hundred thousands digit of 588664?
5
What is the millions digit of 6520173?
6
What is the millions digit of 1334203?
1
What is the thousands digit of 9318138?
8
What is the hundred thousands digit of 189824?
1
What is the tens digit of 304094?
9
What is the hundred thousands digit of 3083387?
0
What is the units digit of 884855?
5
What is the units digit of 13631774?
4
What is the hundred thousands digit of 245582?
2
What is the hundred thousands digit of 521408?
5
What is the ten thousands digit of 367619?
6
What is the hundreds digit of 16876593?
5
What is the hundreds digit of 1131618?
6
What is the units digit of 355664?
4
What is the ten millions digit of 13134435?
1
What is the hundreds digit of 1769028?
0
What is the hundreds digit of 328661?
6
What is the tens digit of 835213?
1
What is the millions digit of 18808881?
8
What is the thousands digit of 1053830?
3
What is the thousands digit of 3773076?
3
What is the tens digit of 35510?
1
What is the ten thousands digit of 4705139?
0
What is the hundreds digit of 9563308?
3
What is the ten millions digit of 20754633?
2
What is the hundred thousands digit of 20111373?
1
What is the thousands digit of 12583?
2
What is the hundreds digit of 6136146?
1
What is the ten thousands digit of 431963?
3
What is the thousands digit of 3818052?
8
What is the hundreds digit of 251071?
0
What is the ten millions digit of 12764953?
1
What is the thousands digit of 2527865?
7
What is the tens digit of 6070836?
3
What is the hundred thousands digit of 23975127?
9
What is the ten millions digit of 32797879?
3
What is the hundreds digit of 9865?
8
What is the hundreds digit of 117879?
8
What is the tens digit of 168243?
4
What is the millions digit of 9867065?
9
What is the ten thousands digit of 27544646?
4
What is the units digit of 1263670?
0
What is the hundreds digit of 5044332?
3
What is the millions digit of 1903090?
1
What is the tens digit of 69247?
4
What is the millions digit of 1875689?
1
What is the hundred thousands digit of 3267666?
2
What is the thousands digit of 91444?
1
What is the hundreds digit of 15810238?
2
What is the hundreds digit of 542517?
5
What is the units digit of 1978709?
9
What is the thousands digit of 376379?
6
What is the hundred thousands digit of 471751?
4
What is the hundreds digit of 85090?
0
What is the tens digit of 3023112?
1
What is the thousands digit of 6685291?
5
What is the units digit of 1246481?
1
What is the thousands digit of 168154?
8
What is the hundred thousands digit of 2637581?
6
What is the hundred thousands digit of 612387?
6
What is the tens digit of 846413?
1
What is the tens digit of 9339365?
6
What is the units digit of 431029?
9
What is the thousands digit of 98763?
8
What is the units digit of 188219?
9
What is the hundred th